{"id":45,"date":"2020-10-12T15:35:50","date_gmt":"2020-10-12T15:35:50","guid":{"rendered":"https:\/\/notariamartinges.com\/?page_id=45"},"modified":"2020-10-20T17:37:23","modified_gmt":"2020-10-20T17:37:23","slug":"serveis","status":"publish","type":"page","link":"https:\/\/notariamartinges.com\/?page_id=45","title":{"rendered":"SERVEIS"},"content":{"rendered":"\n<figure class=\"wp-block-image size-large\"><img loading=\"lazy\" width=\"400\" height=\"241\" src=\"https:\/\/notariamartinges.com\/wp-content\/uploads\/2020\/10\/DEFINITIU-3.jpg\" alt=\"\" class=\"wp-image-25\" srcset=\"https:\/\/notariamartinges.com\/wp-content\/uploads\/2020\/10\/DEFINITIU-3.jpg 400w, https:\/\/notariamartinges.com\/wp-content\/uploads\/2020\/10\/DEFINITIU-3-300x181.jpg 300w\" sizes=\"(max-width: 400px) 100vw, 400px\" \/><\/figure>\n\n\n\n<p><strong><u>Actes.<\/u><\/strong> Document per deixar const\u00e0ncia de qualsevol fet o de la percepci\u00f3 del qual tingui el Notari<\/p>\n\n\n\n<p><strong><u>Poders<\/u><\/strong>. Document per actuar en representaci\u00f3 de qualsevol altre persona sigui f\u00edsica o jur\u00eddica.<\/p>\n\n\n\n<p><strong><u>Legitimacions de firma.<\/u><\/strong> Procediment on el Notari d\u00f3na fe de que el document fotocopiat \u00e9s fidel a l\u2019original que ha pogut examinar o b\u00e9 d\u00f3na fe de la signatura d\u2019una persona<\/p>\n\n\n\n<p><strong><u>Testimonis notarials.<\/u><\/strong> Procediment realitzat davant de Notari acreditatiu que determinat document ha estat fotocopiat en paper oficial i firmat pel Notari<\/p>\n\n\n\n<p><strong><u>P\u00f2lisses<\/u><\/strong>. Document redactat unilateralment, normalment una entitat de cr\u00e8dit, que t\u00e9 com a objecte exclusiu els actes i contractes de car\u00e0cter mercantil i financer propis del tr\u00e0fic habitual i ordinari d\u2019almenys un dels seus atorgants.<\/p>\n\n\n\n<p><strong><u>Transmissions de drets<\/u><\/strong>. Siguin civils com mercantils aix\u00ed com a t\u00edtol gratu\u00eft o oner\u00f3s, com compravendes, donacions, cessions o transmissions de particpacions<\/p>\n\n\n\n<p><strong><u>Operacions societ\u00e0ries<\/u><\/strong> com constitucions de qualsevol tipus de societat aix\u00ed com fundacions i associacions, ampliacions i reduccions de capital social o dissoluci\u00f3 i la liquidaci\u00f3 de les mateixes.<\/p>\n\n\n\n<p><strong><u>Operacions immobiliaries<\/u><\/strong> com agrupacions, segregacions, agregacions, divisions horitzontals, declaracions d\u2019obra nova i de final d\u2019obra<\/p>\n\n\n\n<p><strong><u>Dret de Successions<\/u><\/strong>. Per regular la successi\u00f3 <em>mortis causa<\/em> d\u2019una persona. Acceptacions i renuncies d\u2019her\u00e8ncies, actes declaraci\u00f3 abintestat d\u2019hereus, pactes successoris, testaments, testaments vitals o l\u2019obtenci\u00f3 dels certificats dels Registre d\u2019Actes d\u2019\u00daltima Voluntat i del Registre d\u2019Assegurances.<\/p>\n\n\n\n<p><strong><u>Dret de Fam\u00edlia<\/u><\/strong>. Constituci\u00f3 de parelles de fet, celebracions de matrimoni, separacions, divorcis, capitulacions matrimonials<\/p>\n\n\n\n<p><strong><u>Altres serveis<\/u><\/strong>. Tamb\u00e9 oferim la liquidaci\u00f3 d\u2019impostos i la tramitaci\u00f3 per la inscripci\u00f3 en el Registre<\/p>\n","protected":false},"excerpt":{"rendered":"<p>Actes. Document per deixar const\u00e0ncia de qualsevol fet o de la percepci\u00f3 del qual tingui el Notari Poders. Document per actuar en representaci\u00f3 de qualsevol altre persona sigui f\u00edsica o jur\u00eddica. Legitimacions de firma. Procediment on el Notari d\u00f3na fe de que el document fotocopiat \u00e9s fidel a l\u2019original que ha pogut examinar o b\u00e9 &hellip; <\/p>\n<p class=\"link-more\"><a href=\"https:\/\/notariamartinges.com\/?page_id=45\" class=\"more-link\">Continuar leyendo<span class=\"screen-reader-text\"> \u00abSERVEIS\u00bb<\/span><\/a><\/p>\n","protected":false},"author":1,"featured_media":0,"parent":0,"menu_order":0,"comment_status":"closed","ping_status":"closed","template":"","meta":[],"_links":{"self":[{"href":"https:\/\/notariamartinges.com\/index.php?rest_route=\/wp\/v2\/pages\/45"}],"collection":[{"href":"https:\/\/notariamartinges.com\/index.php?rest_route=\/wp\/v2\/pages"}],"about":[{"href":"https:\/\/notariamartinges.com\/index.php?rest_route=\/wp\/v2\/types\/page"}],"author":[{"embeddable":true,"href":"https:\/\/notariamartinges.com\/index.php?rest_route=\/wp\/v2\/users\/1"}],"replies":[{"embeddable":true,"href":"https:\/\/notariamartinges.com\/index.php?rest_route=%2Fwp%2Fv2%2Fcomments&post=45"}],"version-history":[{"count":3,"href":"https:\/\/notariamartinges.com\/index.php?rest_route=\/wp\/v2\/pages\/45\/revisions"}],"predecessor-version":[{"id":96,"href":"https:\/\/notariamartinges.com\/index.php?rest_route=\/wp\/v2\/pages\/45\/revisions\/96"}],"wp:attachment":[{"href":"https:\/\/notariamartinges.com\/index.php?rest_route=%2Fwp%2Fv2%2Fmedia&parent=45"}],"curies":[{"name":"wp","href":"https:\/\/api.w.org\/{rel}","templated":true}]}}